- 8255. Calculate f(6).
61
Let x(p) = -36452*p + 619704. Determine x(17).
20
Let m(p) = 3711*p - 7505. Determine m(2).
-83
Let q(m) = -5*m**2 + 6533*m - 178996. Calculate q(28).
8
Let d(j) = -58997*j + 3008851. Determine d(51).
4
Let f(s) = -s**2 + 1920*s - 728011. What is f(520)?
-11
Let k(p) = 55644*p + 278183. Determine k(-5).
-37
Let c(i) = 459*i + 96. Determine c(-2).
-822
Let a(p) = 13357*p - 13190. What is a(1)?
167
Let i(j) = -2*j**3 + 8*j**2 + 284*j - 1361. Calculate i(5).
9
Let j(q) = -32*q - 230. Give j(-31).
762
Let z(t) = -3*t**3 + 200*t**2 + 392*t - 21475. Calculate z(67).
300
Let n(m) = -m**2 - 1168*m + 3492. Calculate n(3).
-21
Let d(h) = 8297*h - 159459. What is d(19)?
-1816
Let m(r) = -r**3 - 8*r**2 - 318*r - 2947. Give m(-9).
-4
Let j(m) = -2*m**2 - 96*m - 842. Calculate j(-34).
110
Let r(t) = -t**2 + 199*t + 139511. Determine r(486).
29
Let g(b) = 1158*b + 17376. What is g(-13)?
2322
Let q(u) = u**3 + 161*u**2 - 823*u + 656. Determine q(4).
4
Let s(p) = -49638*p - 595664. Determine s(-12).
-8
Let w(g) = -68*g**2 + 80182*g + 148803. Calculate w(1181).
-3
Let m(q) = -2033*q + 93203. Determine m(45).
1718
Let t(g) = 69779*g - 1604911. What is t(23)?
6
Let k(o) = -862*o - 17262. Calculate k(-20).
-22
Let r(g) = 20*g**2 - 1016*g - 58. Give r(50).
-858
Let b(n) = -2*n**2 - 16776*n - 100666. What is b(-6)?
-82
Let y(x) = -x**3 - 112*x**2 - 203*x + 2217. Calculate y(-110).
347
Let i(k) = 2*k**3 - 48*k**2 - 88*k - 59. Give i(26).
357
Let r(n) = -250*n + 69765. What is r(279)?
15
Let i(j) = -503*j + 58093. Determine i(115).
248
Let l(c) = -3*c**3 + 16*c**2 + 361*c - 2538. Give l(7).
-256
Let n(h) = -93873*h + 657010. What is n(7)?
-101
Let l(t) = 5*t**3 - 933*t**2 - 3231*t + 191. Give l(190).
1
Let g(b) = 5224*b - 16093. Calculate g(3).
-421
Let j(w) = -260*w - 5831. Calculate j(-27).
1189
Let p(b) = -994*b + 34959. Determine p(36).
-825
Let r(g) = 182*g**2 + 11657*g + 609. Give r(-64).
33
Let m(l) = -13*l**3 + 97*l**2 - 20*l - 16. Give m(6).
548
Let x(c) = 6*c**3 + 147*c**2 - 487*c - 31. What is x(3)?
-7
Let b(v) = 5*v**2 + 78*v + 229. Determine b(-21).
796
Let q(n) = 54595*n + 436759. Determine q(-8).
-1
Let s(j) = -j**2 - 466*j - 22280. Give s(-55).
325
Let i(a) = -10*a**3 + 170*a**2 - 715*a + 148. Calculate i(10).
-2
Let f(s) = -22*s**3 + 2998*s + 5988. Give f(-2).
168
Let z(y) = 821*y - 218390. Determine z(266).
-4
Let n(i) = -i**3 + 46*i**2 + 3283*i - 1144. Give n(-39).
104
Let g(f) = 2*f**3 - 84*f**2 + 162*f + 27. Determine g(40).
107
Let y(f) = 23*f**2 - 47*f - 104. Calculate y(-3).
244
Let p(m) = 2*m**2 - 2833*m - 20019. Determine p(-7).
-90
Let b(o) = 1142*o + 293751. Determine b(-257).
257
Let k(z) = z**2 + 366*z + 28294. Calculate k(-110).
134
Let z(x) = 2206*x + 33085. What is z(-15)?
-5
Let o(x) = -3*x**3 - 617*x**2 + 807*x - 4377. What is o(-207)?
-30
Let w(k) = -k**2 - 12572*k + 618374. Calculate w(49).
-55
Let d(r) = -10301*r + 71738. Calculate d(7).
-369
Let m(n) = 110*n**2 + 31129*n - 290. Determine m(-283).
-7
Let y(j) = -704*j + 19653. What is y(28)?
-59
Let c(s) = s**3 - 122*s**2 + 3704*s - 502. Calculate c(69).
2741
Let y(d) = -75*d - 2961. What is y(-67)?
2064
Let u(y) = -2*y**2 + 333*y - 275. Calculate u(164).
545
Let y(p) = -75*p - 2813. Give y(-33).
-338
Let v(m) = m**3 - 15*m**2 - 238*m + 1870. Give v(22).
22
Let m(d) = -18236*d - 128590. Give m(-7).
-938
Let x(n) = 1893*n - 225483. What is x(119)?
-216
Let b(w) = -7*w**3 - 34*w**2 + 94*w + 185. What is b(4)?
-431
Let s(h) = -54*h**2 + 1605*h - 2600. What is s(28)?
4
Let v(f) = 104*f**3 - 832*f**2 + f - 123. Calculate v(8).
-115
Let i(y) = -9*y**3 - 955*y**2 - 97*y + 952. Give i(-106).
-2
Let s(a) = -669*a - 230123. Give s(-344).
13
Let j(h) = h**3 + 11*h**2 - 572*h - 5737. Calculate j(-10).
83
Let j(d) = -4*d**3 + 12*d**2 + 56*d - 109. What is j(2)?
19
Let p(t) = t**3 + 895*t**2 + 6286*t - 89. Give p(-7).
-579
Let a(f) = -18*f**3 - 11*f**2 + 17*f + 40. Give a(4).
-1220
Let m(q) = -q**3 + 29*q**2 + 68*q - 4605. Determine m(21).
351
Let o(z) = -414*z**2 - 172*z + 276. What is o(-1)?
34
Let k(p) = -451*p - 160091. What is k(-355)?
14
Let q(i) = i**3 - 244*i**2 - 27*i + 5606. Give q(244).
-982
Let j(n) = 11632*n - 11640. What is j(1)?
-8
Let q(s) = s**3 - 20*s**2 + 92*s - 172. What is q(14)?
-60
Let u(o) = -2*o**3 + 166*o**2 + 160*o - 13252. Give u(83).
28
Let z(q) = -17*q**2 + 217*q - 38. What is z(5)?
622
Let v(z) = -16*z**2 + 588*z + 55. Determine v(37).
-93
Let r(c) = 2054*c + 14408. Calculate r(-7).
30
Let h(u) = 9318*u + 3559477. Give h(-382).
1
Let q(k) = -4*k**2 - 755*k - 1691. Determine q(-187).
-382
Let b(x) = 47213*x - 755387. Determine b(16).
21
Let y(b) = -1312*b - 3768. Determine y(-3).
168
Let f(t) = -2*t**3 - t**2 + 6759*t + 13512. Give f(-2).
6
Let z(a) = a**3 - 240*a**2 + 246*a - 1731. Calculate z(239).
-58
Let o(f) = -3336*f**2 + 120*f + 8. Give o(0).
8
Let s(r) = -7745*r - 31043. Calculate s(-4).
-63
Let f(t) = t**3 + 249*t**2 + 9494*t - 66. Determine f(-47).
-66
Let u(t) = -429093*t + 2574591. Give u(6).
33
Let v(d) = 334*d**2 + 80813*d - 3655. Calculate v(-242).
-25
Let x(j) = -20*j**2 - 1186*j - 3571. Calculate x(-3).
-193
Let k(u) = -u**3 - 4*u**2 + 403*u + 1222. What is k(-3)?
4
Let s(p) = -10675*p + 1675954. What is s(157)?
-21
Let z(x) = 8*x**3 + 62*x**2 + 20*x + 34. What is z(-8)?
-254
Let q(o) = -2*o**3 - 11*o**2 + 103*o + 576. Determine q(-6).
-6
Let z(c) = -c**3 + 45*c**2 + 703*c - 1080. Determine z(57).
3
Let m(g) = -137179*g - 411527. What is m(-3)?
10
Let k(u) = -618*u + 54469. Calculate k(87).
703
Let h(g) = -24*g**2 + 6906*g + 1686. Calculate h(288).
-42
Let x(t) = -28*t**2 + 1025*t + 1188. Determine x(37).
781
Let r(f) = -f**2 - 491*f + 40273. Calculate r(72).
-263
Let g(s) = -5*s**3 + 933*s**2 - 461*s - 18018. Give g(186).
24
Let d(u) = -4470*u - 102297. Determine d(-23).
513
Let g(f) = 5*f**2 - 489*f + 2929. Calculate g(6).
175
Let x(m) = 477*m + 20598. Give x(-43).
87
Let x(y) = 103509*y - 1759600. Determine x(17).
53
Let p(q) = -86936*q + 260798. Calculate p(3).
-10
Let v(r) = 4938*r - 474035. Give v(96).
13
Let a(w) = -151*w + 5549. Determine a(33).
566
Let d(p) = -p**3 + 10*p**2 + 2*p - 316. Calculate d(0).
-316
Let q(v) = 2*v**3 - 95*v**2 - 105*v + 2939. What is q(48)?
203
Let n(j) = 210120*j - 210110. Calculate n(1).
10
Let g(w) = 1944*w + 122462. Give g(-63).
-10
Let r(g) = -g**3 - 180*g**2 - 498*g + 2799. Determine r(-177).
-3042
Let r(h) = h**3 - 117*h**2 - 3222*h + 203. Give r(140).
-77
Let a(d) = 15273*d - 1068972. What is a(70)?
138
Let y(u) = -u**2 + 2557*u - 20402. Calculate y(8).
-10
Let u(r) = -70*r - 806. Determine u(-12).
34
Let b(s) = -s**2 + 87*s + 5316. What is b(79)?
5948
Let h(o) = -43*o**2 - 1707*o + 406. Give h(-40).
-114
Let t(d) = -325*d - 1802. Calculate t(-8).
798
Let a(w) = -17*w**2 + 4141*w + 1675. Give a(244).
-33
Let g(h) = 12*h**2 - 759*h - 26465. Calculate g(-25).
10
Let a(z) = 1497*z + 92815. What is a(-62)?
1
Let r(w) = w**2 + 2235*w + 729655. Give r(-397).
-31
Let s(k) = -534687*k - 2138774. What is s(-4)?
-26
Let t(b) = b**3 - 68*b**2 + 152*b - 997. Determine t(66).
323
Let y(t) = 4*t**3 + 16*t**2 + 8*t - 130. Determine y(-8).
-1218
Let z(y) = -242*y**2 + 6372*y + 26629. Determine z(30).
-11
Let d(g) = -42995*g - 343916. What is d(-8)?
44
Let m(k) = -k**3 + 116*k**2 - 874*k + 1265. Calculate m(108).
185
Let p(q) = -4787*q + 9596. Calculate p(2).
22
Let w(i) = 319*i - 9212. Give w(45).
5143
Let d(a) = a**3 + 35*a**2 - 553*a - 21011. Calculate d(-33).
-584
Let u(z) = z**3 - 208*z**2 + 375*z + 7570. Give u(206).
-52
Let c(a) = -15*a**3 - 107*a**2 + 51*a + 343. What is c(-8)?
767
Let r(q) = -63280*q + 1012454. What is r(16)?
-26
Let p(o) = -2*o**3 + 249*o**2 + 130*o - 1165. Calculate p(125).
-540
Let w(x) = 257*x**3 - x**2 + 221*x + 222. What is w(-1)?
-257
Let f(r) = r**3 - 68*r**2 + 29*r + 2547. Give f(67).
1
Let b(o) = -120*o**2 + 16936*o - 2276. Calculate b(141).
-20
Let x(l) = -304*l - 2814. Calculate x(-8).
-382
Let v(u) = 5924*u - 129893. Determine v(22).
435
Let o(a) = -a**3 + 51*a**2 + 131*a + 2595. Calculate o(54).
921
Let g(p) = 4*p**3 - 387*p**2 + 3078*p + 147. What is g(88)?
-29
Let b(g) = -g**3 - 6*g**2 + 296*g + 702. Calculate b(16).
-194
Let z(b) = 5020*b - 10176. W